2025/09/07 07:13:04 [error] 195256#0: *532178 open() "/usr/local/awstats/wwwroot/sao.php" failed (2: No such file or directory), client: 129.211.162.87, server: st.1860576.cn, request: "GET /sao.php HTTP/1.1", host: "st.1860576.cn", referrer: "http://st.1860576.cn/sao.php"
2025/09/07 07:13:05 [error] 195256#0: *532180 open() "/usr/local/awstats/wwwroot/shout.php" failed (2: No such file or directory), client: 59.83.208.107, server: st.1860576.cn, request: "GET /shout.php HTTP/1.1", host: "st.1860576.cn", referrer: "http://st.1860576.cn/shout.php"
2025/09/07 07:13:17 [error] 195256#0: *532184 open() "/usr/local/awstats/wwwroot/2022" failed (2: No such file or directory), client: 180.101.244.12, server: st.1860576.cn, request: "GET /2022 HTTP/1.1", host: "st.1860576.cn", referrer: "http://st.1860576.cn/2022"
2025/09/07 07:13:19 [error] 195256#0: *532165 open() "/usr/local/awstats/wwwroot/gold.php" failed (2: No such file or directory), client: 20.171.207.116, server: st.1860576.cn, request: "GET /gold.php HTTP/1.1", host: "st.1860576.cn"
2025/09/07 07:13:21 [error] 195256#0: *532188 open() "/usr/local/awstats/wwwroot/Backup" failed (2: No such file or directory), client: 129.211.167.166, server: st.1860576.cn, request: "GET /Backup HTTP/1.1", host: "st.1860576.cn", referrer: "http://st.1860576.cn/Backup"
2025/09/07 07:13:24 [error] 195256#0: *532190 open() "/usr/local/awstats/wwwroot/past.php" failed (2: No such file or directory), client: 180.101.244.14, server: st.1860576.cn, request: "GET /past.php HTTP/1.1", host: "st.1860576.cn", referrer: "http://st.1860576.cn/past.php"
2025/09/07 07:13:25 [error] 195256#0: *532192 open() "/usr/local/awstats/wwwroot/2024" failed (2: No such file or directory), client: 220.196.160.96, server: st.1860576.cn, request: "GET /2024 HTTP/1.1", host: "st.1860576.cn", referrer: "http://st.1860576.cn/2024"
2025/09/07 07:13:27 [error] 195256#0: *532194 open() "/usr/local/awstats/wwwroot/_all_dbs" failed (2: No such file or directory), client: 180.101.244.16, server: st.1860576.cn, request: "GET /_all_dbs HTTP/1.1", host: "st.1860576.cn", referrer: "http://st.1860576.cn/_all_dbs"
2025/09/07 07:13:36 [error] 195256#0: *532198 open() "/usr/local/awstats/wwwroot/2019" failed (2: No such file or directory), client: 59.83.208.105, server: st.1860576.cn, request: "GET /2019 HTTP/1.1", host: "st.1860576.cn", referrer: "http://st.1860576.cn/2019"
2025/09/07 07:13:39 [error] 195256#0: *532165 open() "/usr/local/awstats/wwwroot/mms.php" failed (2: No such file or directory), client: 20.171.207.116, server: st.1860576.cn, request: "GET /mms.php HTTP/1.1", host: "st.1860576.cn"
2025/09/07 07:13:54 [error] 195256#0: *532165 open() "/usr/local/awstats/wwwroot/abcd.php" failed (2: No such file or directory), client: 20.171.207.116, server: st.1860576.cn, request: "GET /abcd.php HTTP/1.1", host: "st.1860576.cn"
2025/09/07 07:14:08 [error] 195256#0: *532165 open() "/usr/local/awstats/wwwroot/wordpress" failed (2: No such file or directory), client: 20.171.207.116, server: st.1860576.cn, request: "GET /wordpress HTTP/1.1", host: "st.1860576.cn"
2025/09/07 07:14:27 [error] 195256#0: *532203 open() "/usr/local/awstats/wwwroot/run.php" failed (2: No such file or directory), client: 220.196.160.117, server: st.1860576.cn, request: "GET /run.php HTTP/1.1", host: "st.1860576.cn", referrer: "http://st.1860576.cn/run.php"
2025/09/07 07:14:43 [error] 195256#0: *532205 open() "/usr/local/awstats/wwwroot/new.php" failed (2: No such file or directory), client: 59.83.208.107, server: st.1860576.cn, request: "GET /new.php HTTP/1.1", host: "st.1860576.cn", referrer: "http://st.1860576.cn/new.php"
2025/09/07 07:14:43 [error] 195256#0: *532207 open() "/usr/local/awstats/wwwroot/path.php" failed (2: No such file or directory), client: 220.196.160.144, server: st.1860576.cn, request: "GET /path.php HTTP/1.1", host: "st.1860576.cn", referrer: "http://st.1860576.cn/path.php"
2025/09/07 07:15:02 [error] 195256#0: *532213 open() "/usr/local/awstats/wwwroot/2020" failed (2: No such file or directory), client: 180.101.244.14, server: st.1860576.cn, request: "GET /2020 HTTP/1.1", host: "st.1860576.cn", referrer: "http://st.1860576.cn/2020"
2025/09/07 07:15:02 [error] 195256#0: *532165 open() "/usr/local/awstats/wwwroot/1860576.cn.rar" failed (2: No such file or directory), client: 20.171.207.116, server: st.1860576.cn, request: "GET /1860576.cn.rar HTTP/1.1", host: "st.1860576.cn"
2025/09/07 07:15:22 [error] 195256#0: *532165 open() "/usr/local/awstats/wwwroot/sym.php" failed (2: No such file or directory), client: 20.171.207.116, server: st.1860576.cn, request: "GET /sym.php HTTP/1.1", host: "st.1860576.cn"
2025/09/07 07:15:31 [error] 195256#0: *532165 open() "/usr/local/awstats/wwwroot/WORDPRESS" failed (2: No such file or directory), client: 20.171.207.116, server: st.1860576.cn, request: "GET /WORDPRESS HTTP/1.1", host: "st.1860576.cn"
2025/09/07 07:15:59 [error] 195256#0: *532305 open() "/usr/local/awstats/wwwroot/gold.php" failed (2: No such file or directory), client: 180.101.245.246, server: st.1860576.cn, request: "GET /gold.php HTTP/1.1", host: "st.1860576.cn", referrer: "http://st.1860576.cn/gold.php"
2025/09/07 07:16:04 [error] 195256#0: *532165 open() "/usr/local/awstats/wwwroot/axx.php" failed (2: No such file or directory), client: 20.171.207.116, server: st.1860576.cn, request: "GET /axx.php HTTP/1.1", host: "st.1860576.cn"
2025/09/07 07:16:09 [error] 195256#0: *532307 open() "/usr/local/awstats/wwwroot/xox.php" failed (2: No such file or directory), client: 180.101.245.250, server: st.1860576.cn, request: "GET /xox.php HTTP/1.1", host: "st.1860576.cn", referrer: "http://st.1860576.cn/xox.php"
2025/09/07 07:16:16 [error] 195256#0: *532309 open() "/usr/local/awstats/wwwroot/super.php" failed (2: No such file or directory), client: 220.196.160.45, server: st.1860576.cn, request: "GET /super.php HTTP/1.1", host: "st.1860576.cn", referrer: "http://st.1860576.cn/super.php"
2025/09/07 07:16:30 [error] 195256#0: *532165 open() "/usr/local/awstats/wwwroot/gmo.php" failed (2: No such file or directory), client: 20.171.207.116, server: st.1860576.cn, request: "GET /gmo.php HTTP/1.1", host: "st.1860576.cn"
2025/09/07 07:16:43 [error] 195256#0: *532312 open() "/usr/local/awstats/wwwroot/goods.php" failed (2: No such file or directory), client: 180.101.244.12, server: st.1860576.cn, request: "GET /goods.php HTTP/1.1", host: "st.1860576.cn", referrer: "http://st.1860576.cn/goods.php"
2025/09/07 07:16:44 [error] 195256#0: *532165 open() "/usr/local/awstats/wwwroot/123.tar.gz" failed (2: No such file or directory), client: 20.171.207.116, server: st.1860576.cn, request: "GET /123.tar.gz HTTP/1.1", host: "st.1860576.cn"
2025/09/07 07:17:01 [error] 195256#0: *532165 open() "/usr/local/awstats/wwwroot/mws.php" failed (2: No such file or directory), client: 20.171.207.116, server: st.1860576.cn, request: "GET /mws.php HTTP/1.1", host: "st.1860576.cn"
2025/09/07 07:17:28 [error] 195256#0: *532165 open() "/usr/local/awstats/wwwroot/database.rar" failed (2: No such file or directory), client: 20.171.207.116, server: st.1860576.cn, request: "GET /database.rar HTTP/1.1", host: "st.1860576.cn"
2025/09/07 07:17:29 [error] 195256#0: *532314 open() "/usr/local/awstats/wwwroot/robots.txt" failed (2: No such file or directory), client: 4.227.36.23, server: st.1860576.cn, request: "GET /robots.txt HTTP/1.1", host: "st.1860576.cn"
2025/09/07 07:17:41 [error] 195256#0: *532165 open() "/usr/local/awstats/wwwroot/server-status" failed (2: No such file or directory), client: 20.171.207.116, server: st.1860576.cn, request: "GET /server-status HTTP/1.1", host: "st.1860576.cn"
2025/09/07 07:17:51 [error] 195256#0: *532165 open() "/usr/local/awstats/wwwroot/database.tgz" failed (2: No such file or directory), client: 20.171.207.116, server: st.1860576.cn, request: "GET /database.tgz HTTP/1.1", host: "st.1860576.cn"
2025/09/07 07:18:01 [error] 195256#0: *532165 open() "/usr/local/awstats/wwwroot/template.zip" failed (2: No such file or directory), client: 20.171.207.116, server: st.1860576.cn, request: "GET /template.zip HTTP/1.1", host: "st.1860576.cn"
2025/09/07 07:18:06 [error] 195256#0: *532165 open() "/usr/local/awstats/wwwroot/wangzhan.tgz" failed (2: No such file or directory), client: 20.171.207.116, server: st.1860576.cn, request: "GET /wangzhan.tgz HTTP/1.1", host: "st.1860576.cn"
2025/09/07 07:18:32 [error] 195256#0: *532165 open() "/usr/local/awstats/wwwroot/wz.tar.gz" failed (2: No such file or directory), client: 20.171.207.116, server: st.1860576.cn, request: "GET /wz.tar.gz HTTP/1.1", host: "st.1860576.cn"
2025/09/07 07:18:41 [error] 195256#0: *532165 open() "/usr/local/awstats/wwwroot/gg.tar.gz" failed (2: No such file or directory), client: 20.171.207.116, server: st.1860576.cn, request: "GET /gg.tar.gz HTTP/1.1", host: "st.1860576.cn"
2025/09/07 07:19:39 [error] 195256#0: *532165 open() "/usr/local/awstats/wwwroot/localhost.rar" failed (2: No such file or directory), client: 20.171.207.116, server: st.1860576.cn, request: "GET /localhost.rar HTTP/1.1", host: "st.1860576.cn"
2025/09/07 07:20:31 [error] 195256#0: *532165 open() "/usr/local/awstats/wwwroot/flashfxp.rar" failed (2: No such file or directory), client: 20.171.207.116, server: st.1860576.cn, request: "GET /flashfxp.rar HTTP/1.1", host: "st.1860576.cn"
2025/09/07 07:21:08 [error] 195256#0: *532165 open() "/usr/local/awstats/wwwroot/oa.tar.gz" failed (2: No such file or directory), client: 20.171.207.116, server: st.1860576.cn, request: "GET /oa.tar.gz HTTP/1.1", host: "st.1860576.cn"
2025/09/07 07:21:30 [error] 195256#0: *532165 open() "/usr/local/awstats/wwwroot/template.rar" failed (2: No such file or directory), client: 20.171.207.116, server: st.1860576.cn, request: "GET /template.rar HTTP/1.1", host: "st.1860576.cn"
2025/09/07 07:21:55 [error] 195256#0: *532165 open() "/usr/local/awstats/wwwroot/wangzhan.zip" failed (2: No such file or directory), client: 20.171.207.116, server: st.1860576.cn, request: "GET /wangzhan.zip HTTP/1.1", host: "st.1860576.cn"
2025/09/07 07:22:04 [error] 195256#0: *532165 open() "/usr/local/awstats/wwwroot/root" failed (2: No such file or directory), client: 20.171.207.116, server: st.1860576.cn, request: "GET /root?.zip HTTP/1.1", host: "st.1860576.cn"
2025/09/07 07:22:22 [error] 195256#0: *532165 open() "/usr/local/awstats/wwwroot/dropdown.php" failed (2: No such file or directory), client: 20.171.207.116, server: st.1860576.cn, request: "GET /dropdown.php HTTP/1.1", host: "st.1860576.cn"
2025/09/07 07:22:46 [error] 195256#0: *532165 open() "/usr/local/awstats/wwwroot/guarantee.rar" failed (2: No such file or directory), client: 20.171.207.116, server: st.1860576.cn, request: "GET /guarantee.rar HTTP/1.1", host: "st.1860576.cn"
2025/09/07 07:22:47 [error] 195256#0: *532316 open() "/usr/local/awstats/wwwroot/robots.txt" failed (2: No such file or directory), client: 4.227.36.23, server: st.1860576.cn, request: "GET /robots.txt HTTP/1.1", host: "st.1860576.cn"
2025/09/07 07:23:06 [error] 195256#0: *532165 open() "/usr/local/awstats/wwwroot/0kb.php" failed (2: No such file or directory), client: 20.171.207.116, server: st.1860576.cn, request: "GET /0kb.php HTTP/1.1", host: "st.1860576.cn"
2025/09/07 07:23:20 [error] 195256#0: *532165 open() "/usr/local/awstats/wwwroot/wangzhan.rar" failed (2: No such file or directory), client: 20.171.207.116, server: st.1860576.cn, request: "GET /wangzhan.rar HTTP/1.1", host: "st.1860576.cn"
2025/09/07 07:23:23 [error] 195256#0: *532320 open() "/usr/local/awstats/wwwroot/asus.php" failed (2: No such file or directory), client: 180.101.244.15, server: st.1860576.cn, request: "GET /asus.php HTTP/1.1", host: "st.1860576.cn", referrer: "http://st.1860576.cn/asus.php"
2025/09/07 07:23:37 [error] 195256#0: *532322 open() "/usr/local/awstats/wwwroot/server-status" failed (2: No such file or directory), client: 59.83.208.108, server: st.1860576.cn, request: "GET /server-status HTTP/1.1", host: "st.1860576.cn", referrer: "http://st.1860576.cn/server-status"
2025/09/07 07:23:38 [error] 195256#0: *532165 open() "/usr/local/awstats/wwwroot/epinyins.php" failed (2: No such file or directory), client: 20.171.207.116, server: st.1860576.cn, request: "GET /epinyins.php HTTP/1.1", host: "st.1860576.cn"
2025/09/07 07:23:44 [error] 195256#0: *532324 open() "/usr/local/awstats/wwwroot/axx.php" failed (2: No such file or directory), client: 220.196.160.96, server: st.1860576.cn, request: "GET /axx.php HTTP/1.1", host: "st.1860576.cn", referrer: "http://st.1860576.cn/axx.php"
2025/09/07 07:23:55 [error] 195256#0: *532165 open() "/usr/local/awstats/wwwroot/guarantee1.zip" failed (2: No such file or directory), client: 20.171.207.116, server: st.1860576.cn, request: "GET /guarantee1.zip HTTP/1.1", host: "st.1860576.cn"
2025/09/07 07:24:16 [error] 195256#0: *532165 open() "/usr/local/awstats/wwwroot/guarantee.tgz" failed (2: No such file or directory), client: 20.171.207.116, server: st.1860576.cn, request: "GET /guarantee.tgz HTTP/1.1", host: "st.1860576.cn"
2025/09/07 07:24:51 [error] 195256#0: *532344 open() "/usr/local/awstats/wwwroot/mws.php" failed (2: No such file or directory), client: 220.196.160.146, server: st.1860576.cn, request: "GET /mws.php HTTP/1.1", host: "st.1860576.cn", referrer: "http://st.1860576.cn/mws.php"
2025/09/07 07:24:52 [error] 195256#0: *532165 open() "/usr/local/awstats/wwwroot/localhost.tgz" failed (2: No such file or directory), client: 20.171.207.116, server: st.1860576.cn, request: "GET /localhost.tgz HTTP/1.1", host: "st.1860576.cn"
2025/09/07 07:25:16 [error] 195256#0: *532165 open() "/usr/local/awstats/wwwroot/template.tgz" failed (2: No such file or directory), client: 20.171.207.116, server: st.1860576.cn, request: "GET /template.tgz HTTP/1.1", host: "st.1860576.cn"
2025/09/07 07:25:36 [error] 195256#0: *532165 open() "/usr/local/awstats/wwwroot/uwu2.php" failed (2: No such file or directory), client: 20.171.207.116, server: st.1860576.cn, request: "GET /uwu2.php HTTP/1.1", host: "st.1860576.cn"
2025/09/07 07:25:53 [error] 195256#0: *532165 open() "/usr/local/awstats/wwwroot/database.zip" failed (2: No such file or directory), client: 20.171.207.116, server: st.1860576.cn, request: "GET /database.zip HTTP/1.1", host: "st.1860576.cn"
2025/09/07 07:26:04 [error] 195256#0: *532346 open() "/usr/local/awstats/wwwroot/epinyins.php" failed (2: No such file or directory), client: 220.196.160.146, server: st.1860576.cn, request: "GET /epinyins.php HTTP/1.1", host: "st.1860576.cn", referrer: "http://st.1860576.cn/epinyins.php"
2025/09/07 07:26:07 [error] 195256#0: *532348 open() "/usr/local/awstats/wwwroot/WORDPRESS" failed (2: No such file or directory), client: 129.211.162.87, server: st.1860576.cn, request: "GET /WORDPRESS HTTP/1.1", host: "st.1860576.cn", referrer: "http://st.1860576.cn/WORDPRESS"
2025/09/07 07:26:08 [error] 195256#0: *532350 open() "/usr/local/awstats/wwwroot/0kb.php" failed (2: No such file or directory), client: 220.196.160.154, server: st.1860576.cn, request: "GET /0kb.php HTTP/1.1", host: "st.1860576.cn", referrer: "http://st.1860576.cn/0kb.php"
2025/09/07 07:26:15 [error] 195256#0: *532165 open() "/usr/local/awstats/wwwroot/alf4.php" failed (2: No such file or directory), client: 20.171.207.116, server: st.1860576.cn, request: "GET /alf4.php HTTP/1.1", host: "st.1860576.cn"
2025/09/07 07:26:26 [error] 195256#0: *532165 open() "/usr/local/awstats/wwwroot/WP" failed (2: No such file or directory), client: 20.171.207.116, server: st.1860576.cn, request: "GET /WP HTTP/1.1", host: "st.1860576.cn"
2025/09/07 07:26:42 [error] 195256#0: *532165 open() "/usr/local/awstats/wwwroot/tlkzy.php" failed (2: No such file or directory), client: 20.171.207.116, server: st.1860576.cn, request: "GET /tlkzy.php HTTP/1.1", host: "st.1860576.cn"
2025/09/07 07:26:43 [error] 195256#0: *532352 open() "/usr/local/awstats/wwwroot/cron.php" failed (2: No such file or directory), client: 129.211.162.23, server: st.1860576.cn, request: "GET /cron.php HTTP/1.1", host: "st.1860576.cn", referrer: "http://st.1860576.cn/cron.php"
2025/09/07 07:26:52 [error] 195256#0: *532165 open() "/usr/local/awstats/wwwroot/cfile.php" failed (2: No such file or directory), client: 20.171.207.116, server: st.1860576.cn, request: "GET /cfile.php HTTP/1.1", host: "st.1860576.cn"
2025/09/07 07:27:06 [error] 195256#0: *532165 open() "/usr/local/awstats/wwwroot/flashfxp.zip" failed (2: No such file or directory), client: 20.171.207.116, server: st.1860576.cn, request: "GET /flashfxp.zip HTTP/1.1", host: "st.1860576.cn"
2025/09/07 07:27:19 [error] 195256#0: *532165 open() "/usr/local/awstats/wwwroot/bk" failed (2: No such file or directory), client: 20.171.207.116, server: st.1860576.cn, request: "GET /bk HTTP/1.1", host: "st.1860576.cn"
2025/09/07 07:27:34 [error] 195256#0: *532165 open() "/usr/local/awstats/wwwroot/bc" failed (2: No such file or directory), client: 20.171.207.116, server: st.1860576.cn, request: "GET /bc HTTP/1.1", host: "st.1860576.cn"
2025/09/07 07:27:48 [error] 195256#0: *532165 open() "/usr/local/awstats/wwwroot/vbseo.php" failed (2: No such file or directory), client: 20.171.207.116, server: st.1860576.cn, request: "GET /vbseo.php HTTP/1.1", host: "st.1860576.cn"
2025/09/07 07:27:48 [error] 195256#0: *532354 open() "/usr/local/awstats/wwwroot/robots.txt" failed (2: No such file or directory), client: 4.227.36.23, server: st.1860576.cn, request: "GET /robots.txt HTTP/1.1", host: "st.1860576.cn"
2025/09/07 07:28:00 [error] 195256#0: *532165 open() "/usr/local/awstats/wwwroot/wp-trackback.php" failed (2: No such file or directory), client: 20.171.207.116, server: st.1860576.cn, request: "GET /wp-trackback.php HTTP/1.1", host: "st.1860576.cn"
2025/09/07 07:28:10 [error] 195256#0: *532356 open() "/usr/local/awstats/wwwroot/info.php" failed (2: No such file or directory), client: 180.101.245.247, server: st.1860576.cn, request: "GET /info.php HTTP/1.1", host: "st.1860576.cn", referrer: "http://st.1860576.cn/info.php"
2025/09/07 07:28:16 [error] 195256#0: *532165 open() "/usr/local/awstats/wwwroot/KPPW3.6.zip" failed (2: No such file or directory), client: 20.171.207.116, server: st.1860576.cn, request: "GET /KPPW3.6.zip HTTP/1.1", host: "st.1860576.cn"
2025/09/07 07:28:35 [error] 195256#0: *532165 "/usr/local/awstats/wwwroot/dede/index.php" is not found (2: No such file or directory), client: 20.171.207.116, server: st.1860576.cn, request: "GET /dede/ HTTP/1.1", host: "st.1860576.cn"
2025/09/07 07:28:50 [error] 195256#0: *532165 open() "/usr/local/awstats/wwwroot/2.rar" failed (2: No such file or directory), client: 20.171.207.116, server: st.1860576.cn, request: "GET /2.rar HTTP/1.1", host: "st.1860576.cn"
2025/09/07 07:29:07 [error] 195256#0: *532165 open() "/usr/local/awstats/wwwroot/KPPW3.6.tgz" failed (2: No such file or directory), client: 20.171.207.116, server: st.1860576.cn, request: "GET /KPPW3.6.tgz HTTP/1.1", host: "st.1860576.cn"
2025/09/07 07:29:24 [error] 195256#0: *532165 open() "/usr/local/awstats/wwwroot/HYTop.mdb.tgz" failed (2: No such file or directory), client: 20.171.207.116, server: st.1860576.cn, request: "GET /HYTop.mdb.tgz HTTP/1.1", host: "st.1860576.cn"
2025/09/07 07:29:41 [error] 195256#0: *532165 open() "/usr/local/awstats/wwwroot/a.tgz" failed (2: No such file or directory), client: 20.171.207.116, server: st.1860576.cn, request: "GET /a.tgz HTTP/1.1", host: "st.1860576.cn"
2025/09/07 07:30:02 [error] 195256#0: *532165 open() "/usr/local/awstats/wwwroot/a.rar" failed (2: No such file or directory), client: 20.171.207.116, server: st.1860576.cn, request: "GET /a.rar HTTP/1.1", host: "st.1860576.cn"
2025/09/07 07:30:18 [error] 195256#0: *532165 open() "/usr/local/awstats/wwwroot/HYTop.mdb.tar.gz" failed (2: No such file or directory), client: 20.171.207.116, server: st.1860576.cn, request: "GET /HYTop.mdb.tar.gz HTTP/1.1", host: "st.1860576.cn"
2025/09/07 07:30:40 [error] 195256#0: *532165 open() "/usr/local/awstats/wwwroot/1.rar" failed (2: No such file or directory), client: 20.171.207.116, server: st.1860576.cn, request: "GET /1.rar HTTP/1.1", host: "st.1860576.cn"
2025/09/07 07:30:51 [error] 195256#0: *532165 open() "/usr/local/awstats/wwwroot/a.zip" failed (2: No such file or directory), client: 20.171.207.116, server: st.1860576.cn, request: "GET /a.zip HTTP/1.1", host: "st.1860576.cn"
2025/09/07 07:30:57 [error] 195256#0: *532165 open() "/usr/local/awstats/wwwroot/.env" failed (2: No such file or directory), client: 20.171.207.116, server: st.1860576.cn, request: "GET /.env HTTP/1.1", host: "st.1860576.cn"
2025/09/07 07:31:15 [error] 195256#0: *532358 open() "/usr/local/awstats/wwwroot/size.php" failed (2: No such file or directory), client: 59.83.208.104, server: st.1860576.cn, request: "GET /size.php HTTP/1.1", host: "st.1860576.cn", referrer: "http://st.1860576.cn/size.php"
2025/09/07 07:31:15 [error] 195256#0: *532165 open() "/usr/local/awstats/wwwroot/re.php" failed (2: No such file or directory), client: 20.171.207.116, server: st.1860576.cn, request: "GET /re.php HTTP/1.1", host: "st.1860576.cn"
2025/09/07 07:31:23 [error] 195256#0: *532165 open() "/usr/local/awstats/wwwroot/we.php" failed (2: No such file or directory), client: 20.171.207.116, server: st.1860576.cn, request: "GET /we.php HTTP/1.1", host: "st.1860576.cn"
2025/09/07 07:31:32 [error] 195256#0: *532165 open() "/usr/local/awstats/wwwroot/ez.php" failed (2: No such file or directory), client: 20.171.207.116, server: st.1860576.cn, request: "GET /ez.php HTTP/1.1", host: "st.1860576.cn"
2025/09/07 07:31:41 [error] 195256#0: *532165 open() "/usr/local/awstats/wwwroot/db.tar.gz" failed (2: No such file or directory), client: 20.171.207.116, server: st.1860576.cn, request: "GET /db.tar.gz HTTP/1.1", host: "st.1860576.cn"
2025/09/07 07:32:08 [error] 195256#0: *532165 open() "/usr/local/awstats/wwwroot/hdocs.tgz" failed (2: No such file or directory), client: 20.171.207.116, server: st.1860576.cn, request: "GET /hdocs.tgz HTTP/1.1", host: "st.1860576.cn"
2025/09/07 07:32:23 [error] 195256#0: *532165 open() "/usr/local/awstats/wwwroot/hdocs.zip" failed (2: No such file or directory), client: 20.171.207.116, server: st.1860576.cn, request: "GET /hdocs.zip HTTP/1.1", host: "st.1860576.cn"
2025/09/07 07:32:37 [error] 195256#0: *532165 open() "/usr/local/awstats/wwwroot/ay.php" failed (2: No such file or directory), client: 20.171.207.116, server: st.1860576.cn, request: "GET /ay.php HTTP/1.1", host: "st.1860576.cn"
2025/09/07 07:32:38 [error] 195256#0: *532360 open() "/usr/local/awstats/wwwroot/vbseo.php" failed (2: No such file or directory), client: 59.83.208.107, server: st.1860576.cn, request: "GET /vbseo.php HTTP/1.1", host: "st.1860576.cn", referrer: "http://st.1860576.cn/vbseo.php"
2025/09/07 07:32:48 [error] 195256#0: *532165 open() "/usr/local/awstats/wwwroot/aw.php" failed (2: No such file or directory), client: 20.171.207.116, server: st.1860576.cn, request: "GET /aw.php HTTP/1.1", host: "st.1860576.cn"
2025/09/07 07:32:49 [error] 195256#0: *532361 open() "/usr/local/awstats/wwwroot/robots.txt" failed (2: No such file or directory), client: 4.227.36.23, server: st.1860576.cn, request: "GET /robots.txt HTTP/1.1", host: "st.1860576.cn"
2025/09/07 07:33:00 [error] 195256#0: *532453 open() "/usr/local/awstats/wwwroot/.env" failed (2: No such file or directory), client: 220.196.160.96, server: st.1860576.cn, request: "GET /.env HTTP/1.1", host: "st.1860576.cn", referrer: "http://st.1860576.cn/.env"
2025/09/07 07:33:04 [error] 195256#0: *532165 open() "/usr/local/awstats/wwwroot/xc.php" failed (2: No such file or directory), client: 20.171.207.116, server: st.1860576.cn, request: "GET /xc.php HTTP/1.1", host: "st.1860576.cn"
2025/09/07 07:33:21 [error] 195256#0: *532456 open() "/usr/local/awstats/wwwroot/we.php" failed (2: No such file or directory), client: 220.196.160.154, server: st.1860576.cn, request: "GET /we.php HTTP/1.1", host: "st.1860576.cn", referrer: "http://st.1860576.cn/we.php"
2025/09/07 07:33:21 [error] 195256#0: *532165 open() "/usr/local/awstats/wwwroot/beian.tgz" failed (2: No such file or directory), client: 20.171.207.116, server: st.1860576.cn, request: "GET /beian.tgz HTTP/1.1", host: "st.1860576.cn"
2025/09/07 07:33:30 [error] 195256#0: *532460 open() "/usr/local/awstats/wwwroot/WP" failed (2: No such file or directory), client: 220.196.160.117, server: st.1860576.cn, request: "GET /WP HTTP/1.1", host: "st.1860576.cn", referrer: "http://st.1860576.cn/WP"
2025/09/07 07:33:35 [error] 195256#0: *532461 open() "/usr/local/awstats/wwwroot/in.php" failed (2: No such file or directory), client: 20.171.207.116, server: st.1860576.cn, request: "GET /in.php HTTP/1.1", host: "st.1860576.cn"
2025/09/07 07:33:41 [error] 195256#0: *532463 open() "/usr/local/awstats/wwwroot/uwu2.php" failed (2: No such file or directory), client: 220.196.160.76, server: st.1860576.cn, request: "GET /uwu2.php HTTP/1.1", host: "st.1860576.cn", referrer: "http://st.1860576.cn/uwu2.php"
2025/09/07 07:33:45 [error] 195256#0: *532465 open() "/usr/local/awstats/wwwroot/dropdown.php" failed (2: No such file or directory), client: 220.196.160.65, server: st.1860576.cn, request: "GET /dropdown.php HTTP/1.1", host: "st.1860576.cn", referrer: "http://st.1860576.cn/dropdown.php"
2025/09/07 07:33:47 [error] 195256#0: *532461 open() "/usr/local/awstats/wwwroot/HYTop.mdb.rar" failed (2: No such file or directory), client: 20.171.207.116, server: st.1860576.cn, request: "GET /HYTop.mdb.rar HTTP/1.1", host: "st.1860576.cn"
2025/09/07 07:33:55 [error] 195256#0: *532461 open() "/usr/local/awstats/wwwroot/st.1860576.cn.tgz" failed (2: No such file or directory), client: 20.171.207.116, server: st.1860576.cn, request: "GET /st.1860576.cn.tgz HTTP/1.1", host: "st.1860576.cn"
2025/09/07 07:34:02 [error] 195256#0: *532461 open() "/usr/local/awstats/wwwroot/1860576.cn.tar.gz" failed (2: No such file or directory), client: 20.171.207.116, server: st.1860576.cn, request: "GET /1860576.cn.tar.gz HTTP/1.1", host: "st.1860576.cn"
2025/09/07 07:34:17 [error] 195256#0: *532461 open() "/usr/local/awstats/wwwroot/st.1860576.cn.zip" failed (2: No such file or directory), client: 20.171.207.116, server: st.1860576.cn, request: "GET /st.1860576.cn.zip HTTP/1.1", host: "st.1860576.cn"
2025/09/07 07:34:25 [error] 195256#0: *532461 open() "/usr/local/awstats/wwwroot/pepe.php" failed (2: No such file or directory), client: 20.171.207.116, server: st.1860576.cn, request: "GET /pepe.php HTTP/1.1", host: "st.1860576.cn"
2025/09/07 07:34:41 [error] 195256#0: *532461 open() "/usr/local/awstats/wwwroot/te.php" failed (2: No such file or directory), client: 20.171.207.116, server: st.1860576.cn, request: "GET /te.php HTTP/1.1", host: "st.1860576.cn"
2025/09/07 07:34:49 [error] 195256#0: *532461 open() "/usr/local/awstats/wwwroot/sql" failed (2: No such file or directory), client: 20.171.207.116, server: st.1860576.cn, request: "GET /sql?.tar.gz HTTP/1.1", host: "st.1860576.cn"
2025/09/07 07:34:51 [error] 195256#0: *532472 "/usr/local/awstats/wwwroot/dede/index.php" is not found (2: No such file or directory), client: 180.101.245.252, server: st.1860576.cn, request: "GET /dede/ HTTP/1.1", host: "st.1860576.cn", referrer: "http://st.1860576.cn/dede/"
2025/09/07 07:35:10 [error] 195256#0: *532461 open() "/usr/local/awstats/wwwroot/cf.php" failed (2: No such file or directory), client: 20.171.207.116, server: st.1860576.cn, request: "GET /cf.php HTTP/1.1", host: "st.1860576.cn"
2025/09/07 07:35:11 [error] 195256#0: *532474 open() "/usr/local/awstats/wwwroot/xc.php" failed (2: No such file or directory), client: 180.101.244.13, server: st.1860576.cn, request: "GET /xc.php HTTP/1.1", host: "st.1860576.cn", referrer: "http://st.1860576.cn/xc.php"
2025/09/07 07:35:31 [error] 195256#0: *532461 open() "/usr/local/awstats/wwwroot/ar.php" failed (2: No such file or directory), client: 20.171.207.116, server: st.1860576.cn, request: "GET /ar.php HTTP/1.1", host: "st.1860576.cn"
2025/09/07 07:35:47 [error] 195256#0: *532461 open() "/usr/local/awstats/wwwroot/HYTop.mdb.zip" failed (2: No such file or directory), client: 20.171.207.116, server: st.1860576.cn, request: "GET /HYTop.mdb.zip HTTP/1.1", host: "st.1860576.cn"
2025/09/07 07:36:07 [error] 195256#0: *532461 open() "/usr/local/awstats/wwwroot/st.1860576.cn.rar" failed (2: No such file or directory), client: 20.171.207.116, server: st.1860576.cn, request: "GET /st.1860576.cn.rar HTTP/1.1", host: "st.1860576.cn"
2025/09/07 07:36:07 [error] 195256#0: *532476 open() "/usr/local/awstats/wwwroot/cfile.php" failed (2: No such file or directory), client: 220.196.160.144, server: st.1860576.cn, request: "GET /cfile.php HTTP/1.1", host: "st.1860576.cn", referrer: "http://st.1860576.cn/cfile.php"
2025/09/07 07:36:10 [error] 195256#0: *532478 open() "/usr/local/awstats/wwwroot/tlkzy.php" failed (2: No such file or directory), client: 220.196.160.53, server: st.1860576.cn, request: "GET /tlkzy.php HTTP/1.1", host: "st.1860576.cn", referrer: "http://st.1860576.cn/tlkzy.php"
2025/09/07 07:36:11 [error] 195256#0: *532480 open() "/usr/local/awstats/wwwroot/ez.php" failed (2: No such file or directory), client: 220.196.160.95, server: st.1860576.cn, request: "GET /ez.php HTTP/1.1", host: "st.1860576.cn", referrer: "http://st.1860576.cn/ez.php"
2025/09/07 07:36:28 [error] 195256#0: *532461 open() "/usr/local/awstats/wwwroot/BLOG" failed (2: No such file or directory), client: 20.171.207.116, server: st.1860576.cn, request: "GET /BLOG HTTP/1.1", host: "st.1860576.cn"
2025/09/07 07:36:33 [error] 195256#0: *532482 open() "/usr/local/awstats/wwwroot/bk" failed (2: No such file or directory), client: 180.101.244.16, server: st.1860576.cn, request: "GET /bk HTTP/1.1", host: "st.1860576.cn", referrer: "http://st.1860576.cn/bk"
2025/09/07 07:36:35 [error] 195256#0: *532461 open() "/usr/local/awstats/wwwroot/a1.php" failed (2: No such file or directory), client: 20.171.207.116, server: st.1860576.cn, request: "GET /a1.php HTTP/1.1", host: "st.1860576.cn"
2025/09/07 07:36:43 [error] 195256#0: *532461 open() "/usr/local/awstats/wwwroot/SHOP" failed (2: No such file or directory), client: 20.171.207.116, server: st.1860576.cn, request: "GET /SHOP HTTP/1.1", host: "st.1860576.cn"
2025/09/07 07:36:53 [error] 195256#0: *532461 open() "/usr/local/awstats/wwwroot/demo" failed (2: No such file or directory), client: 20.171.207.116, server: st.1860576.cn, request: "GET /demo HTTP/1.1", host: "st.1860576.cn"
2025/09/07 07:37:05 [error] 195256#0: *532461 open() "/usr/local/awstats/wwwroot/SITE" failed (2: No such file or directory), client: 20.171.207.116, server: st.1860576.cn, request: "GET /SITE HTTP/1.1", host: "st.1860576.cn"
2025/09/07 07:37:17 [error] 195256#0: *532461 open() "/usr/local/awstats/wwwroot/sito" failed (2: No such file or directory), client: 20.171.207.116, server: st.1860576.cn, request: "GET /sito HTTP/1.1", host: "st.1860576.cn"
2025/09/07 07:37:46 [error] 195256#0: *532461 open() "/usr/local/awstats/wwwroot/shop" failed (2: No such file or directory), client: 20.171.207.116, server: st.1860576.cn, request: "GET /shop HTTP/1.1", host: "st.1860576.cn"
2025/09/07 07:38:36 [error] 195256#0: *532461 open() "/usr/local/awstats/wwwroot/site" failed (2: No such file or directory), client: 20.171.207.116, server: st.1860576.cn, request: "GET /site HTTP/1.1", host: "st.1860576.cn"
2025/09/07 07:38:37 [error] 195256#0: *532483 open() "/usr/local/awstats/wwwroot/robots.txt" failed (2: No such file or directory), client: 4.227.36.23, server: st.1860576.cn, request: "GET /robots.txt HTTP/1.1", host: "st.1860576.cn"
2025/09/07 07:39:54 [error] 195256#0: *532492 open() "/usr/local/awstats/wwwroot/a2.php" failed (2: No such file or directory), client: 20.171.207.116, server: st.1860576.cn, request: "GET /a2.php HTTP/1.1", host: "st.1860576.cn"
2025/09/07 07:41:36 [error] 195256#0: *532492 open() "/usr/local/awstats/wwwroot/fdsa.tgz" failed (2: No such file or directory), client: 20.171.207.116, server: st.1860576.cn, request: "GET /fdsa.tgz HTTP/1.1", host: "st.1860576.cn"
2025/09/07 07:42:41 [error] 195256#0: *532587 open() "/usr/local/awstats/wwwroot/SHOP" failed (2: No such file or directory), client: 180.101.244.16, server: st.1860576.cn, request: "GET /SHOP HTTP/1.1", host: "st.1860576.cn", referrer: "http://st.1860576.cn/SHOP"
2025/09/07 07:42:47 [error] 195256#0: *532589 open() "/usr/local/awstats/wwwroot/te.php" failed (2: No such file or directory), client: 220.196.160.144, server: st.1860576.cn, request: "GET /te.php HTTP/1.1", host: "st.1860576.cn", referrer: "http://st.1860576.cn/te.php"
2025/09/07 07:42:51 [error] 195256#0: *532592 open() "/usr/local/awstats/wwwroot/pepe.php" failed (2: No such file or directory), client: 129.211.162.87, server: st.1860576.cn, request: "GET /pepe.php HTTP/1.1", host: "st.1860576.cn", referrer: "http://st.1860576.cn/pepe.php"
2025/09/07 07:42:54 [error] 195256#0: *532594 open() "/usr/local/awstats/wwwroot/KPPW3.6.rar" failed (2: No such file or directory), client: 20.171.207.116, server: st.1860576.cn, request: "GET /KPPW3.6.rar HTTP/1.1", host: "st.1860576.cn"
2025/09/07 07:43:02 [error] 195256#0: *532596 open() "/usr/local/awstats/wwwroot/shop" failed (2: No such file or directory), client: 180.101.244.15, server: st.1860576.cn, request: "GET /shop HTTP/1.1", host: "st.1860576.cn", referrer: "http://st.1860576.cn/shop"
2025/09/07 07:43:03 [error] 195256#0: *532598 open() "/usr/local/awstats/wwwroot/cf.php" failed (2: No such file or directory), client: 59.83.208.107, server: st.1860576.cn, request: "GET /cf.php HTTP/1.1", host: "st.1860576.cn", referrer: "http://st.1860576.cn/cf.php"
2025/09/07 07:43:08 [error] 195256#0: *532600 open() "/usr/local/awstats/wwwroot/ay.php" failed (2: No such file or directory), client: 220.196.160.76, server: st.1860576.cn, request: "GET /ay.php HTTP/1.1", host: "st.1860576.cn", referrer: "http://st.1860576.cn/ay.php"
2025/09/07 07:43:25 [error] 195256#0: *532594 open() "/usr/local/awstats/wwwroot/code.tgz" failed (2: No such file or directory), client: 20.171.207.116, server: st.1860576.cn, request: "GET /code.tgz HTTP/1.1", host: "st.1860576.cn"
2025/09/07 07:43:38 [error] 195256#0: *532602 open() "/usr/local/awstats/wwwroot/ar.php" failed (2: No such file or directory), client: 180.101.245.252, server: st.1860576.cn, request: "GET /ar.php HTTP/1.1", host: "st.1860576.cn", referrer: "http://st.1860576.cn/ar.php"
2025/09/07 07:43:44 [error] 195256#0: *532594 open() "/usr/local/awstats/wwwroot/back.zip" failed (2: No such file or directory), client: 20.171.207.116, server: st.1860576.cn, request: "GET /back.zip HTTP/1.1", host: "st.1860576.cn"
2025/09/07 07:43:44 [error] 195256#0: *532606 open() "/usr/local/awstats/wwwroot/robots.txt" failed (2: No such file or directory), client: 4.227.36.23, server: st.1860576.cn, request: "GET /robots.txt HTTP/1.1", host: "st.1860576.cn"
2025/09/07 07:43:57 [error] 195256#0: *532594 open() "/usr/local/awstats/wwwroot/code.zip" failed (2: No such file or directory), client: 20.171.207.116, server: st.1860576.cn, request: "GET /code.zip HTTP/1.1", host: "st.1860576.cn"
2025/09/07 07:44:00 [error] 195256#0: *532608 open() "/usr/local/awstats/wwwroot/SITE" failed (2: No such file or directory), client: 180.101.245.252, server: st.1860576.cn, request: "GET /SITE HTTP/1.1", host: "st.1860576.cn", referrer: "http://st.1860576.cn/SITE"
2025/09/07 07:44:17 [error] 195256#0: *532594 open() "/usr/local/awstats/wwwroot/user.tgz" failed (2: No such file or directory), client: 20.171.207.116, server: st.1860576.cn, request: "GET /user.tgz HTTP/1.1", host: "st.1860576.cn"
2025/09/07 07:44:39 [error] 195256#0: *532594 open() "/usr/local/awstats/wwwroot/fdsa.zip" failed (2: No such file or directory), client: 20.171.207.116, server: st.1860576.cn, request: "GET /fdsa.zip HTTP/1.1", host: "st.1860576.cn"
2025/09/07 07:44:43 [error] 195256#0: *532611 open() "/usr/local/awstats/wwwroot/a2.php" failed (2: No such file or directory), client: 180.101.244.14, server: st.1860576.cn, request: "GET /a2.php HTTP/1.1", host: "st.1860576.cn", referrer: "http://st.1860576.cn/a2.php"
2025/09/07 07:45:15 [error] 195256#0: *532594 open() "/usr/local/awstats/wwwroot/user.zip" failed (2: No such file or directory), client: 20.171.207.116, server: st.1860576.cn, request: "GET /user.zip HTTP/1.1", host: "st.1860576.cn"
2025/09/07 07:45:31 [error] 195256#0: *532594 open() "/usr/local/awstats/wwwroot/back.tgz" failed (2: No such file or directory), client: 20.171.207.116, server: st.1860576.cn, request: "GET /back.tgz HTTP/1.1", host: "st.1860576.cn"
2025/09/07 07:45:32 [error] 195256#0: *532614 open() "/usr/local/awstats/wwwroot/in.php" failed (2: No such file or directory), client: 129.211.162.87, server: st.1860576.cn, request: "GET /in.php HTTP/1.1", host: "st.1860576.cn", referrer: "http://st.1860576.cn/in.php"
2025/09/07 07:45:50 [error] 195256#0: *532594 open() "/usr/local/awstats/wwwroot/old-site" failed (2: No such file or directory), client: 20.171.207.116, server: st.1860576.cn, request: "GET /old-site HTTP/1.1", host: "st.1860576.cn"
2025/09/07 07:46:06 [error] 195256#0: *532594 open() "/usr/local/awstats/wwwroot/k90.php" failed (2: No such file or directory), client: 20.171.207.116, server: st.1860576.cn, request: "GET /k90.php HTTP/1.1", host: "st.1860576.cn"
2025/09/07 07:46:17 [error] 195256#0: *532594 open() "/usr/local/awstats/wwwroot/Release.rar" failed (2: No such file or directory), client: 20.171.207.116, server: st.1860576.cn, request: "GET /Release.rar HTTP/1.1", host: "st.1860576.cn"
2025/09/07 07:46:30 [error] 195256#0: *532594 open() "/usr/local/awstats/wwwroot/db.zip" failed (2: No such file or directory), client: 20.171.207.116, server: st.1860576.cn, request: "GET /db.zip HTTP/1.1", host: "st.1860576.cn"
2025/09/07 07:46:42 [error] 195256#0: *532594 open() "/usr/local/awstats/wwwroot/gg.zip" failed (2: No such file or directory), client: 20.171.207.116, server: st.1860576.cn, request: "GET /gg.zip HTTP/1.1", host: "st.1860576.cn"
2025/09/07 07:46:53 [error] 195256#0: *532594 open() "/usr/local/awstats/wwwroot/db.rar" failed (2: No such file or directory), client: 20.171.207.116, server: st.1860576.cn, request: "GET /db.rar HTTP/1.1", host: "st.1860576.cn"
2025/09/07 07:47:05 [error] 195256#0: *532594 open() "/usr/local/awstats/wwwroot/wz.rar" failed (2: No such file or directory), client: 20.171.207.116, server: st.1860576.cn, request: "GET /wz.rar HTTP/1.1", host: "st.1860576.cn"
2025/09/07 07:47:11 [error] 195256#0: *532594 open() "/usr/local/awstats/wwwroot/wz.tgz" failed (2: No such file or directory), client: 20.171.207.116, server: st.1860576.cn, request: "GET /wz.tgz HTTP/1.1", host: "st.1860576.cn"
2025/09/07 07:47:16 [error] 195256#0: *532594 open() "/usr/local/awstats/wwwroot/node.php" failed (2: No such file or directory), client: 20.171.207.116, server: st.1860576.cn, request: "GET /node.php HTTP/1.1", host: "st.1860576.cn"
2025/09/07 07:47:22 [error] 195256#0: *532594 open() "/usr/local/awstats/wwwroot/13k.php" failed (2: No such file or directory), client: 20.171.207.116, server: st.1860576.cn, request: "GET /13k.php HTTP/1.1", host: "st.1860576.cn"
2025/09/07 07:47:29 [error] 195256#0: *532594 open() "/usr/local/awstats/wwwroot/oa.zip" failed (2: No such file or directory), client: 20.171.207.116, server: st.1860576.cn, request: "GET /oa.zip HTTP/1.1", host: "st.1860576.cn"
2025/09/07 07:47:35 [error] 195256#0: *532594 open() "/usr/local/awstats/wwwroot/wz.zip" failed (2: No such file or directory), client: 20.171.207.116, server: st.1860576.cn, request: "GET /wz.zip HTTP/1.1", host: "st.1860576.cn"
2025/09/07 07:47:41 [error] 195256#0: *532594 open() "/usr/local/awstats/wwwroot/oa.tgz" failed (2: No such file or directory), client: 20.171.207.116, server: st.1860576.cn, request: "GET /oa.tgz HTTP/1.1", host: "st.1860576.cn"
2025/09/07 07:47:45 [error] 195256#0: *532594 open() "/usr/local/awstats/wwwroot/ww.php" failed (2: No such file or directory), client: 20.171.207.116, server: st.1860576.cn, request: "GET /ww.php HTTP/1.1", host: "st.1860576.cn"
2025/09/07 07:48:34 [error] 195256#0: *532594 open() "/usr/local/awstats/wwwroot/ss.php" failed (2: No such file or directory), client: 20.171.207.116, server: st.1860576.cn, request: "GET /ss.php HTTP/1.1", host: "st.1860576.cn"
2025/09/07 07:48:44 [error] 195256#0: *532594 open() "/usr/local/awstats/wwwroot/db.tgz" failed (2: No such file or directory), client: 20.171.207.116, server: st.1860576.cn, request: "GET /db.tgz HTTP/1.1", host: "st.1860576.cn"
2025/09/07 07:49:05 [error] 195256#0: *532594 open() "/usr/local/awstats/wwwroot/Release.zip" failed (2: No such file or directory), client: 20.171.207.116, server: st.1860576.cn, request: "GET /Release.zip HTTP/1.1", host: "st.1860576.cn"
2025/09/07 07:49:22 [error] 195256#0: *532594 open() "/usr/local/awstats/wwwroot/root" failed (2: No such file or directory), client: 20.171.207.116, server: st.1860576.cn, request: "GET /root?.tar.gz HTTP/1.1", host: "st.1860576.cn"
2025/09/07 07:49:40 [error] 195256#0: *532594 open() "/usr/local/awstats/wwwroot/Release.tgz" failed (2: No such file or directory), client: 20.171.207.116, server: st.1860576.cn, request: "GET /Release.tgz HTTP/1.1", host: "st.1860576.cn"
2025/09/07 07:49:57 [error] 195256#0: *532594 open() "/usr/local/awstats/wwwroot/co.php" failed (2: No such file or directory), client: 20.171.207.116, server: st.1860576.cn, request: "GET /co.php HTTP/1.1", host: "st.1860576.cn"
2025/09/07 07:50:06 [error] 195256#0: *532594 open() "/usr/local/awstats/wwwroot/Release.tar.gz" failed (2: No such file or directory), client: 20.171.207.116, server: st.1860576.cn, request: "GET /Release.tar.gz HTTP/1.1", host: "st.1860576.cn"
2025/09/07 07:50:14 [error] 195256#0: *532594 open() "/usr/local/awstats/wwwroot/aa.php" failed (2: No such file or directory), client: 20.171.207.116, server: st.1860576.cn, request: "GET /aa.php HTTP/1.1", host: "st.1860576.cn"
2025/09/07 07:50:22 [error] 195256#0: *532594 open() "/usr/local/awstats/wwwroot/pp.php" failed (2: No such file or directory), client: 20.171.207.116, server: st.1860576.cn, request: "GET /pp.php HTTP/1.1", host: "st.1860576.cn"
2025/09/07 07:50:38 [error] 195256#0: *532594 open() "/usr/local/awstats/wwwroot/KPPW3.6.tar.gz" failed (2: No such file or directory), client: 20.171.207.116, server: st.1860576.cn, request: "GET /KPPW3.6.tar.gz HTTP/1.1", host: "st.1860576.cn"
2025/09/07 07:50:48 [error] 195256#0: *532594 open() "/usr/local/awstats/wwwroot/ll.php" failed (2: No such file or directory), client: 20.171.207.116, server: st.1860576.cn, request: "GET /ll.php HTTP/1.1", host: "st.1860576.cn"
2025/09/07 07:51:07 [error] 195256#0: *532594 open() "/usr/local/awstats/wwwroot/xx.php" failed (2: No such file or directory), client: 20.171.207.116, server: st.1860576.cn, request: "GET /xx.php HTTP/1.1", host: "st.1860576.cn"
2025/09/07 07:52:22 [error] 195256#0: *532708 open() "/usr/local/awstats/wwwroot/13k.php" failed (2: No such file or directory), client: 59.83.208.105, server: st.1860576.cn, request: "GET /13k.php HTTP/1.1", host: "st.1860576.cn", referrer: "http://st.1860576.cn/13k.php"
2025/09/07 07:52:28 [error] 195256#0: *532710 open() "/usr/local/awstats/wwwroot/main" failed (2: No such file or directory), client: 20.171.207.116, server: st.1860576.cn, request: "GET /main HTTP/1.1", host: "st.1860576.cn"
2025/09/07 07:52:40 [error] 195256#0: *532712 open() "/usr/local/awstats/wwwroot/pp.php" failed (2: No such file or directory), client: 220.196.160.144, server: st.1860576.cn, request: "GET /pp.php HTTP/1.1", host: "st.1860576.cn", referrer: "http://st.1860576.cn/pp.php"
2025/09/07 07:53:14 [error] 195256#0: *532714 open() "/usr/local/awstats/wwwroot/xx.php" failed (2: No such file or directory), client: 129.211.167.166, server: st.1860576.cn, request: "GET /xx.php HTTP/1.1", host: "st.1860576.cn", referrer: "http://st.1860576.cn/xx.php"
2025/09/07 07:53:17 [error] 195256#0: *532710 open() "/usr/local/awstats/wwwroot/oldsite" failed (2: No such file or directory), client: 20.171.207.116, server: st.1860576.cn, request: "GET /oldsite HTTP/1.1", host: "st.1860576.cn"
2025/09/07 07:53:25 [error] 195256#0: *532716 open() "/usr/local/awstats/wwwroot/co.php" failed (2: No such file or directory), client: 220.196.160.96, server: st.1860576.cn, request: "GET /co.php HTTP/1.1", host: "st.1860576.cn", referrer: "http://st.1860576.cn/co.php"
2025/09/07 07:53:29 [error] 195256#0: *532710 open() "/usr/local/awstats/wwwroot/124.php" failed (2: No such file or directory), client: 20.171.207.116, server: st.1860576.cn, request: "GET /124.php HTTP/1.1", host: "st.1860576.cn"
2025/09/07 07:53:58 [error] 195256#0: *532721 open() "/usr/local/awstats/wwwroot/ss.php" failed (2: No such file or directory), client: 220.196.160.53, server: st.1860576.cn, request: "GET /ss.php HTTP/1.1", host: "st.1860576.cn", referrer: "http://st.1860576.cn/ss.php"
2025/09/07 07:54:05 [error] 195256#0: *532710 open() "/usr/local/awstats/wwwroot/guarantee1.tgz" failed (2: No such file or directory), client: 20.171.207.116, server: st.1860576.cn, request: "GET /guarantee1.tgz HTTP/1.1", host: "st.1860576.cn"
2025/09/07 07:54:23 [error] 195256#0: *532710 open() "/usr/local/awstats/wwwroot/oa.rar" failed (2: No such file or directory), client: 20.171.207.116, server: st.1860576.cn, request: "GET /oa.rar HTTP/1.1", host: "st.1860576.cn"
2025/09/07 07:54:50 [error] 195256#0: *532710 open() "/usr/local/awstats/wwwroot/gg.rar" failed (2: No such file or directory), client: 20.171.207.116, server: st.1860576.cn, request: "GET /gg.rar HTTP/1.1", host: "st.1860576.cn"
2025/09/07 07:55:11 [error] 195256#0: *532710 open() "/usr/local/awstats/wwwroot/guarantee1.rar" failed (2: No such file or directory), client: 20.171.207.116, server: st.1860576.cn, request: "GET /guarantee1.rar HTTP/1.1", host: "st.1860576.cn"
2025/09/07 07:55:37 [error] 195256#0: *532710 open() "/usr/local/awstats/wwwroot/gg.tgz" failed (2: No such file or directory), client: 20.171.207.116, server: st.1860576.cn, request: "GET /gg.tgz HTTP/1.1", host: "st.1860576.cn"
2025/09/07 07:55:57 [error] 195256#0: *532725 open() "/usr/local/awstats/wwwroot/ww.php" failed (2: No such file or directory), client: 59.83.208.107, server: st.1860576.cn, request: "GET /ww.php HTTP/1.1", host: "st.1860576.cn", referrer: "http://st.1860576.cn/ww.php"
2025/09/07 07:56:11 [error] 195256#0: *532710 open() "/usr/local/awstats/wwwroot/�" failed (2: No such file or directory), client: 20.171.207.116, server: st.1860576.cn, request: "GET /%EF%BF%BD HTTP/1.1", host: "st.1860576.cn"
2025/09/07 07:56:29 [error] 195256#0: *532710 open() "/usr/local/awstats/wwwroot/file32.php" failed (2: No such file or directory), client: 20.171.207.116, server: st.1860576.cn, request: "GET /file32.php HTTP/1.1", host: "st.1860576.cn"
2025/09/07 07:56:41 [error] 195256#0: *532710 open() "/usr/local/awstats/wwwroot/��~.tgz" failed (2: No such file or directory), client: 20.171.207.116, server: st.1860576.cn, request: "GET /%EF%BF%BD%EF%BF%BD~.tgz HTTP/1.1", host: "st.1860576.cn"
2025/09/07 07:56:51 [error] 195256#0: *532710 open() "/usr/local/awstats/wwwroot/sitio" failed (2: No such file or directory), client: 20.171.207.116, server: st.1860576.cn, request: "GET /sitio HTTP/1.1", host: "st.1860576.cn"
2025/09/07 07:56:59 [error] 195256#0: *532710 open() "/usr/local/awstats/wwwroot/111.php" failed (2: No such file or directory), client: 20.171.207.116, server: st.1860576.cn, request: "GET /111.php HTTP/1.1", host: "st.1860576.cn"
2025/09/07 07:57:04 [error] 195256#0: *532710 open() "/usr/local/awstats/wwwroot/13.php" failed (2: No such file or directory), client: 20.171.207.116, server: st.1860576.cn, request: "GET /13.php HTTP/1.1", host: "st.1860576.cn"
2025/09/07 07:57:31 [error] 195256#0: *532710 open() "/usr/local/awstats/wwwroot/��~.rar" failed (2: No such file or directory), client: 20.171.207.116, server: st.1860576.cn, request: "GET /%EF%BF%BD%EF%BF%BD~.rar HTTP/1.1", host: "st.1860576.cn"
2025/09/07 07:57:42 [error] 195256#0: *532710 open() "/usr/local/awstats/wwwroot/admin404.php" failed (2: No such file or directory), client: 20.171.207.116, server: st.1860576.cn, request: "GET /admin404.php HTTP/1.1", host: "st.1860576.cn"
2025/09/07 07:57:52 [error] 195256#0: *532710 open() "/usr/local/awstats/wwwroot/02.php" failed (2: No such file or directory), client: 20.171.207.116, server: st.1860576.cn, request: "GET /02.php HTTP/1.1", host: "st.1860576.cn"
2025/09/07 07:58:03 [error] 195256#0: *532710 open() "/usr/local/awstats/wwwroot/��~.zip" failed (2: No such file or directory), client: 20.171.207.116, server: st.1860576.cn, request: "GET /%EF%BF%BD%EF%BF%BD~.zip HTTP/1.1", host: "st.1860576.cn"
2025/09/07 07:58:11 [error] 195256#0: *532710 open() "/usr/local/awstats/wwwroot/data/captcha/captcha_bg1.gif" failed (2: No such file or directory), client: 20.171.207.116, server: st.1860576.cn, request: "GET /data/captcha/captcha_bg1.gif HTTP/1.1", host: "st.1860576.cn"
2025/09/07 07:58:19 [error] 195256#0: *532710 open() "/usr/local/awstats/wwwroot/10.php" failed (2: No such file or directory), client: 20.171.207.116, server: st.1860576.cn, request: "GET /10.php HTTP/1.1", host: "st.1860576.cn"
2025/09/07 07:58:31 [error] 195256#0: *532710 open() "/usr/local/awstats/wwwroot/about" failed (2: No such file or directory), client: 20.171.207.116, server: st.1860576.cn, request: "GET /about HTTP/1.1", host: "st.1860576.cn"
2025/09/07 07:59:46 [error] 195256#0: *532746 open() "/usr/local/awstats/wwwroot/BACKUP" failed (2: No such file or directory), client: 20.171.207.116, server: st.1860576.cn, request: "GET /BACKUP HTTP/1.1", host: "st.1860576.cn"
